{"id":66157,"date":"2022-08-03T18:07:07","date_gmt":"2022-08-03T16:07:07","guid":{"rendered":"http:\/\/www.techno-bra.com\/?post_type=product&#038;p=66157"},"modified":"2022-08-03T18:07:08","modified_gmt":"2022-08-03T16:07:08","slug":"etui-souple-pour-ordinateur-portable-11-6-inch","status":"publish","type":"product","link":"https:\/\/www.techno-bra.com\/?product=etui-souple-pour-ordinateur-portable-11-6-inch","title":{"rendered":"\u00c9tui Souple Pour Ordinateur Portable 11.6 Inch"},"content":{"rendered":"<ul class=\"a-unordered-list a-vertical a-spacing-mini\">\n<li><span class=\"a-list-item\">Housse avec ouverture sur le haut pour un acc\u00e8s rapide<\/span><\/li>\n<li><span class=\"a-list-item\">Dimensions id\u00e9ales pour les ultrabooks et ordinateurs portables dot\u00e9s d\u2019un \u00e9cran de 11,6\u2033<\/span><\/li>\n<li><span class=\"a-list-item\">Design ultra-fin pour utiliser la housse seule ou la glisser dans un sac<\/span><\/li>\n<li><span class=\"a-list-item\">Dimensions int\u00e9rieures: 27.9*21.6*1.8 cm<\/span><\/li>\n<li><span class=\"a-list-item\">Dimensions ext\u00e9rieures: 30.9*23.1*2 cm<\/span><\/li>\n<li><span class=\"a-list-item\">Veuillez v\u00e9rifier les dimensions de l\u2019ordinateur portable, assurez-vous qu\u2019elles correspondent aux dimensions internes de la housse<\/span><\/li>\n<\/ul>\n","protected":false},"excerpt":{"rendered":"<p>Housse avec ouverture sur le haut pour un acc\u00e8s rapide Dimensions id\u00e9ales pour les ultrabooks et ordinateurs portables dot\u00e9s d\u2019un \u00e9cran de 11,6\u2033 Design ultra-fin pour utiliser la housse seule<\/p>\n","protected":false},"featured_media":66158,"template":"","meta":[],"product_brand":[],"product_cat":[676],"product_tag":[700],"class_list":{"0":"post-66157","1":"product","2":"type-product","3":"status-publish","4":"has-post-thumbnail","6":"product_cat-accessoires","7":"product_tag-cartable-pour-pc","9":"first","10":"instock","11":"sale","12":"shipping-taxable","13":"purchasable","14":"product-type-simple"},"aioseo_notices":[],"_links":{"self":[{"href":"https:\/\/www.techno-bra.com\/index.php?rest_route=\/wp\/v2\/product\/66157","targetHints":{"allow":["GET"]}}],"collection":[{"href":"https:\/\/www.techno-bra.com\/index.php?rest_route=\/wp\/v2\/product"}],"about":[{"href":"https:\/\/www.techno-bra.com\/index.php?rest_route=\/wp\/v2\/types\/product"}],"wp:featuredmedia":[{"embeddable":true,"href":"https:\/\/www.techno-bra.com\/index.php?rest_route=\/wp\/v2\/media\/66158"}],"wp:attachment":[{"href":"https:\/\/www.techno-bra.com\/index.php?rest_route=%2Fwp%2Fv2%2Fmedia&parent=66157"}],"wp:term":[{"taxonomy":"product_brand","embeddable":true,"href":"https:\/\/www.techno-bra.com\/index.php?rest_route=%2Fwp%2Fv2%2Fproduct_brand&post=66157"},{"taxonomy":"product_cat","embeddable":true,"href":"https:\/\/www.techno-bra.com\/index.php?rest_route=%2Fwp%2Fv2%2Fproduct_cat&post=66157"},{"taxonomy":"product_tag","embeddable":true,"href":"https:\/\/www.techno-bra.com\/index.php?rest_route=%2Fwp%2Fv2%2Fproduct_tag&post=66157"}],"curies":[{"name":"wp","href":"https:\/\/api.w.org\/{rel}","templated":true}]}}