{"id":65743,"date":"2022-08-02T10:33:39","date_gmt":"2022-08-02T08:33:39","guid":{"rendered":"http:\/\/www.techno-bra.com\/?post_type=product&#038;p=65743"},"modified":"2022-08-02T18:12:50","modified_gmt":"2022-08-02T16:12:50","slug":"uniden-pack-standard-telephonique-sans-fil-3-poste-telephone-4-lignes","status":"publish","type":"product","link":"https:\/\/www.techno-bra.com\/?product=uniden-pack-standard-telephonique-sans-fil-3-poste-telephone-4-lignes","title":{"rendered":"Uniden Pack Standard t\u00e9l\u00e9phonique sans fil + 3 poste t\u00e9l\u00e9phone (4 lignes)"},"content":{"rendered":"<article class=\"col8 -pvs\">\n<div class=\"card-b -fh\">\n<h2 class=\"hdr -upp -fs14 -m -pam\"><span style=\"font-size: 12pt\">PRINCIPALES CARACT\u00c9RISTIQUES<\/span><\/h2>\n<div class=\"markup -pam\">\n<ul>\n<li><span style=\"font-size: 12pt\">Fonctionnement 4 lignes, compatibilit\u00e9 1-4 lignes<\/span><\/li>\n<li><span style=\"font-size: 12pt\">Extensible jusqu&#8217;\u00e0 10 stations (1 console et 9 combin\u00e9s)<\/span><\/li>\n<li><span style=\"font-size: 12pt\">Standard automatique sur chaque ligne t\u00e9l\u00e9phonique<\/span><\/li>\n<li><span style=\"font-size: 12pt\">R\u00e9pondeur num\u00e9rique (temps d&#8217;enregistrement vocal de 180 minutes)<\/span><\/li>\n<li><span style=\"font-size: 12pt\">Bo\u00eete vocale pour chaque poste.<\/span><\/li>\n<li><span style=\"font-size: 12pt\">Musique d&#8217;attente personnalisable.<\/span><\/li>\n<li><span style=\"font-size: 12pt\">Recomposition des 10 derniers num\u00e9ros, recomposition automatique.<\/span><\/li>\n<\/ul>\n<\/div>\n<\/div>\n<\/article>\n<article class=\"col8 -pvs\">\n<div class=\"card-b -fh\">\n<h2 class=\"hdr -upp -fs14 -m -pam\"><span style=\"font-size: 12pt\">VENDU AVEC LE PRODUIT<\/span><\/h2>\n<div class=\"markup -pam\"><span style=\"font-size: 12pt\">1x telephone standard fixe sans fil3X poste t\u00e9l\u00e9phone sans fil<\/span><\/div>\n<\/div>\n<\/article>\n<article class=\"col8 -pvs\">\n<div class=\"card-b -fh\">\n<h2 class=\"hdr -upp -fs14 -m -pam\"><span style=\"font-size: 12pt\">DESCRIPTIF TECHNIQUE<\/span><\/h2>\n<ul class=\"-pvs -mvxs -phm -lsn\">\n<li class=\"-pvxs\"><span style=\"font-size: 12pt\"><span class=\"-b\">SKU<\/span>: UN583EA13RD0VNAFAMZ<\/span><\/li>\n<li class=\"-pvxs\"><span style=\"font-size: 12pt\"><span class=\"-b\">Mod\u00e8le<\/span>: AT4801<\/span><\/li>\n<li class=\"-pvxs\"><span style=\"font-size: 12pt\"><span class=\"-b\">Poids (kg)<\/span>: 0.5<\/span><\/li>\n<\/ul>\n<\/div>\n<\/article>\n","protected":false},"excerpt":{"rendered":"<p>PRINCIPALES CARACT\u00c9RISTIQUES Fonctionnement 4 lignes, compatibilit\u00e9 1-4 lignes Extensible jusqu&#8217;\u00e0 10 stations (1 console et 9 combin\u00e9s) Standard automatique sur chaque ligne t\u00e9l\u00e9phonique R\u00e9pondeur num\u00e9rique (temps d&#8217;enregistrement vocal de 180<\/p>\n","protected":false},"featured_media":65744,"template":"","meta":[],"product_brand":[],"product_cat":[56,73],"product_tag":[557,558],"class_list":{"0":"post-65743","1":"product","2":"type-product","3":"status-publish","4":"has-post-thumbnail","6":"product_cat-informatique","7":"product_cat-telephonie-et-interphonie","8":"product_tag-standard","9":"product_tag-standard-telephonique","11":"first","12":"instock","13":"sale","14":"shipping-taxable","15":"purchasable","16":"product-type-simple"},"aioseo_notices":[],"_links":{"self":[{"href":"https:\/\/www.techno-bra.com\/index.php?rest_route=\/wp\/v2\/product\/65743","targetHints":{"allow":["GET"]}}],"collection":[{"href":"https:\/\/www.techno-bra.com\/index.php?rest_route=\/wp\/v2\/product"}],"about":[{"href":"https:\/\/www.techno-bra.com\/index.php?rest_route=\/wp\/v2\/types\/product"}],"wp:featuredmedia":[{"embeddable":true,"href":"https:\/\/www.techno-bra.com\/index.php?rest_route=\/wp\/v2\/media\/65744"}],"wp:attachment":[{"href":"https:\/\/www.techno-bra.com\/index.php?rest_route=%2Fwp%2Fv2%2Fmedia&parent=65743"}],"wp:term":[{"taxonomy":"product_brand","embeddable":true,"href":"https:\/\/www.techno-bra.com\/index.php?rest_route=%2Fwp%2Fv2%2Fproduct_brand&post=65743"},{"taxonomy":"product_cat","embeddable":true,"href":"https:\/\/www.techno-bra.com\/index.php?rest_route=%2Fwp%2Fv2%2Fproduct_cat&post=65743"},{"taxonomy":"product_tag","embeddable":true,"href":"https:\/\/www.techno-bra.com\/index.php?rest_route=%2Fwp%2Fv2%2Fproduct_tag&post=65743"}],"curies":[{"name":"wp","href":"https:\/\/api.w.org\/{rel}","templated":true}]}}