{"id":5602,"date":"2019-09-02T16:24:12","date_gmt":"2019-09-02T14:24:12","guid":{"rendered":"http:\/\/www.techno-bra.com\/?post_type=product&#038;p=5602"},"modified":"2019-09-02T16:24:12","modified_gmt":"2019-09-02T14:24:12","slug":"toshiba-cle-usb-originale-u202-8gb-flash-usb-transmemory-blanc","status":"publish","type":"product","link":"https:\/\/www.techno-bra.com\/?product=toshiba-cle-usb-originale-u202-8gb-flash-usb-transmemory-blanc","title":{"rendered":"Toshiba Cl\u00e9 USB Originale U202 8Gb flash USB TransMemory &#8211; Blanc"},"content":{"rendered":"<ul>\n<li>Couleur: Blanc<\/li>\n<li>Capacit\u00e9 : 8GB<\/li>\n<li>mod\u00e8le : U202<\/li>\n<li>Synchronisation de fichiers entre le PC et la cl\u00e9 USB<\/li>\n<\/ul>\n","protected":false},"excerpt":{"rendered":"<p>Couleur: Blanc Capacit\u00e9 : 8GB mod\u00e8le : U202 Synchronisation de fichiers entre le PC et la cl\u00e9 USB<\/p>\n","protected":false},"featured_media":5603,"template":"","meta":[],"product_brand":[],"product_cat":[348,56],"product_tag":[514,515,513],"class_list":{"0":"post-5602","1":"product","2":"type-product","3":"status-publish","4":"has-post-thumbnail","6":"product_cat-gadget","7":"product_cat-informatique","8":"product_tag-8gb","9":"product_tag-cle-usb-toshiba","10":"product_tag-usb","12":"first","13":"instock","14":"sale","15":"shipping-taxable","16":"purchasable","17":"product-type-simple"},"aioseo_notices":[],"_links":{"self":[{"href":"https:\/\/www.techno-bra.com\/index.php?rest_route=\/wp\/v2\/product\/5602","targetHints":{"allow":["GET"]}}],"collection":[{"href":"https:\/\/www.techno-bra.com\/index.php?rest_route=\/wp\/v2\/product"}],"about":[{"href":"https:\/\/www.techno-bra.com\/index.php?rest_route=\/wp\/v2\/types\/product"}],"wp:featuredmedia":[{"embeddable":true,"href":"https:\/\/www.techno-bra.com\/index.php?rest_route=\/wp\/v2\/media\/5603"}],"wp:attachment":[{"href":"https:\/\/www.techno-bra.com\/index.php?rest_route=%2Fwp%2Fv2%2Fmedia&parent=5602"}],"wp:term":[{"taxonomy":"product_brand","embeddable":true,"href":"https:\/\/www.techno-bra.com\/index.php?rest_route=%2Fwp%2Fv2%2Fproduct_brand&post=5602"},{"taxonomy":"product_cat","embeddable":true,"href":"https:\/\/www.techno-bra.com\/index.php?rest_route=%2Fwp%2Fv2%2Fproduct_cat&post=5602"},{"taxonomy":"product_tag","embeddable":true,"href":"https:\/\/www.techno-bra.com\/index.php?rest_route=%2Fwp%2Fv2%2Fproduct_tag&post=5602"}],"curies":[{"name":"wp","href":"https:\/\/api.w.org\/{rel}","templated":true}]}}